{"id":172,"date":"2021-01-03T13:45:19","date_gmt":"2021-01-03T13:45:19","guid":{"rendered":"https:\/\/www.xn--frhefrderung-emmen-h3b0j.ch\/?page_id=172"},"modified":"2024-08-06T07:38:52","modified_gmt":"2024-08-06T07:38:52","slug":"fruehe-foerderung","status":"publish","type":"page","link":"https:\/\/www.xn--frhefrderung-emmen-h3b0j.ch\/?page_id=172","title":{"rendered":"Fr\u00fche F\u00f6rderung"},"content":{"rendered":"\n<figure class=\"wp-block-image size-large is-resized\"><img loading=\"lazy\" decoding=\"async\" src=\"https:\/\/www.xn--frhefrderung-emmen-h3b0j.ch\/wp-content\/uploads\/2021\/01\/Kind_Mam_Baumstamm_pexels-photo-3036405-1024x683.jpg\" alt=\"\" class=\"wp-image-358\" width=\"438\" height=\"292\" srcset=\"https:\/\/www.xn--frhefrderung-emmen-h3b0j.ch\/wp-content\/uploads\/2021\/01\/Kind_Mam_Baumstamm_pexels-photo-3036405-1024x683.jpg 1024w, https:\/\/www.xn--frhefrderung-emmen-h3b0j.ch\/wp-content\/uploads\/2021\/01\/Kind_Mam_Baumstamm_pexels-photo-3036405-300x200.jpg 300w, https:\/\/www.xn--frhefrderung-emmen-h3b0j.ch\/wp-content\/uploads\/2021\/01\/Kind_Mam_Baumstamm_pexels-photo-3036405-768x512.jpg 768w, https:\/\/www.xn--frhefrderung-emmen-h3b0j.ch\/wp-content\/uploads\/2021\/01\/Kind_Mam_Baumstamm_pexels-photo-3036405.jpg 1125w\" sizes=\"(max-width: 438px) 85vw, 438px\" \/><\/figure>\n\n\n\n<p><strong>Kindern einen optimalen Start erm\u00f6glichen&#8230;<\/strong><\/p>\n\n\n\n<p>In erster Linie sind die Eltern f\u00fcr die Erziehung ihrer Kinder verantwortlich. Die Familie ist der erste und wichtigste Ort der Fr\u00fchen F\u00f6rderung. <\/p>\n\n\n\n<p>Vielf\u00e4ltige Angebote zur fr\u00fchkindlichen F\u00f6rderung, Betreuung und Erziehung sollen Eltern durch den Familienalltag begleiten und ihnen Unterst\u00fctzung bieten. <\/p>\n\n\n\n<p>Junge Familien brauchen ein gutes Netzwerk damit sie die wichtige Aufgabe der Kinderbetreuung bew\u00e4ltigen k\u00f6nnen. Kinder brauchen ein anregendes Umfeld und Kontakt zu anderen Kindern. <\/p>\n\n\n\n<p>In der Gemeinde Emmen gibt es ein vielf\u00e4ltiges Angebot f\u00fcr Familien mit Kleinkindern.<\/p>\n","protected":false},"excerpt":{"rendered":"<p>Kindern einen optimalen Start erm\u00f6glichen&#8230; In erster Linie sind die Eltern f\u00fcr die Erziehung ihrer Kinder verantwortlich. Die Familie ist der erste und wichtigste Ort der Fr\u00fchen F\u00f6rderung. Vielf\u00e4ltige Angebote zur fr\u00fchkindlichen F\u00f6rderung, Betreuung und Erziehung sollen Eltern durch den Familienalltag begleiten und ihnen Unterst\u00fctzung bieten. Junge Familien brauchen ein gutes Netzwerk damit sie die &hellip; <a href=\"https:\/\/www.xn--frhefrderung-emmen-h3b0j.ch\/?page_id=172\" class=\"more-link\"><span class=\"screen-reader-text\">\u201eFr\u00fche F\u00f6rderung\u201c<\/span> weiterlesen<\/a><\/p>\n","protected":false},"author":1,"featured_media":0,"parent":0,"menu_order":0,"comment_status":"closed","ping_status":"closed","template":"","meta":{"_coblocks_attr":"","_coblocks_dimensions":"","_coblocks_responsive_height":"","_coblocks_accordion_ie_support":"","_mi_skip_tracking":false,"footnotes":""},"class_list":["post-172","page","type-page","status-publish","hentry"],"aioseo_notices":[],"_links":{"self":[{"href":"https:\/\/www.xn--frhefrderung-emmen-h3b0j.ch\/index.php?rest_route=\/wp\/v2\/pages\/172"}],"collection":[{"href":"https:\/\/www.xn--frhefrderung-emmen-h3b0j.ch\/index.php?rest_route=\/wp\/v2\/pages"}],"about":[{"href":"https:\/\/www.xn--frhefrderung-emmen-h3b0j.ch\/index.php?rest_route=\/wp\/v2\/types\/page"}],"author":[{"embeddable":true,"href":"https:\/\/www.xn--frhefrderung-emmen-h3b0j.ch\/index.php?rest_route=\/wp\/v2\/users\/1"}],"replies":[{"embeddable":true,"href":"https:\/\/www.xn--frhefrderung-emmen-h3b0j.ch\/index.php?rest_route=%2Fwp%2Fv2%2Fcomments&post=172"}],"version-history":[{"count":11,"href":"https:\/\/www.xn--frhefrderung-emmen-h3b0j.ch\/index.php?rest_route=\/wp\/v2\/pages\/172\/revisions"}],"predecessor-version":[{"id":1068,"href":"https:\/\/www.xn--frhefrderung-emmen-h3b0j.ch\/index.php?rest_route=\/wp\/v2\/pages\/172\/revisions\/1068"}],"wp:attachment":[{"href":"https:\/\/www.xn--frhefrderung-emmen-h3b0j.ch\/index.php?rest_route=%2Fwp%2Fv2%2Fmedia&parent=172"}],"curies":[{"name":"wp","href":"https:\/\/api.w.org\/{rel}","templated":true}]}}

Frühe Förderung

<figure class="wp-block-image size-large is-resized"><img loading="lazy" decoding="async" src="https://www.xn--frhefrderung-emmen-h3b0j.ch/wp-content/uploads/2021/01/Kind_Mam_Baumstamm_pexels-photo-3036405-1024x683.jpg" alt="" class="wp-image-358" width="438" height="292" srcset="https://www.xn--frhefrderung-emmen-h3b0j.ch/wp-content/uploads/2021/01/Kind_Mam_Baumstamm_pexels-photo-3036405-1024x683.jpg 1024w, https://www.xn--frhefrderung-emmen-h3b0j.ch/wp-content/uploads/2021/01/Kind_Mam_Baumstamm_pexels-photo-3036405-300x200.jpg 300w, https://www.xn--frhefrderung-emmen-h3b0j.ch/wp-content/uploads/2021/01/Kind_Mam_Baumstamm_pexels-photo-3036405-768x512.jpg 768w, https://www.xn--frhefrderung-emmen-h3b0j.ch/wp-content/uploads/2021/01/Kind_Mam_Baumstamm_pexels-photo-3036405.jpg 1125w" sizes="(max-width: 438px) 85vw, 438px" /></figure>



<p><strong>Kindern einen optimalen Start ermöglichen&#8230;</strong></p>



<p>In erster Linie sind die Eltern für die Erziehung ihrer Kinder verantwortlich. Die Familie ist der erste und wichtigste Ort der Frühen Förderung. </p>



<p>Vielfältige Angebote zur frühkindlichen Förderung, Betreuung und Erziehung sollen Eltern durch den Familienalltag begleiten und ihnen Unterstützung bieten. </p>



<p>Junge Familien brauchen ein gutes Netzwerk damit sie die wichtige Aufgabe der Kinderbetreuung bewältigen können. Kinder brauchen ein anregendes Umfeld und Kontakt zu anderen Kindern. </p>



<p>In der Gemeinde Emmen gibt es ein vielfältiges Angebot für Familien mit Kleinkindern.</p>

<p>Kindern einen optimalen Start ermöglichen&#8230; In erster Linie sind die Eltern für die Erziehung ihrer Kinder verantwortlich. Die Familie ist der erste und wichtigste Ort der Frühen Förderung. Vielfältige Angebote zur frühkindlichen Förderung, Betreuung und Erziehung sollen Eltern durch den Familienalltag begleiten und ihnen Unterstützung bieten. Junge Familien brauchen ein gutes Netzwerk damit sie die &hellip; <a href="https://www.xn--frhefrderung-emmen-h3b0j.ch/?page_id=172" class="more-link"><span class="screen-reader-text">„Frühe Förderung“</span> weiterlesen</a></p>
