{"id":182,"date":"2021-01-03T13:47:42","date_gmt":"2021-01-03T13:47:42","guid":{"rendered":"https:\/\/www.xn--frhefrderung-emmen-h3b0j.ch\/?page_id=182"},"modified":"2025-06-24T07:11:09","modified_gmt":"2025-06-24T07:11:09","slug":"parentu","status":"publish","type":"page","link":"https:\/\/www.xn--frhefrderung-emmen-h3b0j.ch\/?page_id=182","title":{"rendered":"parentu"},"content":{"rendered":"\n<figure class=\"wp-block-image size-large\"><img loading=\"lazy\" decoding=\"async\" width=\"618\" height=\"257\" src=\"https:\/\/www.xn--frhefrderung-emmen-h3b0j.ch\/wp-content\/uploads\/2021\/02\/Logo_parentu.png\" alt=\"\" class=\"wp-image-596\" srcset=\"https:\/\/www.xn--frhefrderung-emmen-h3b0j.ch\/wp-content\/uploads\/2021\/02\/Logo_parentu.png 618w, https:\/\/www.xn--frhefrderung-emmen-h3b0j.ch\/wp-content\/uploads\/2021\/02\/Logo_parentu-300x125.png 300w\" sizes=\"(max-width: 618px) 85vw, 618px\" \/><\/figure>\n\n\n\n<p><strong>Die App f\u00fcr informierte Eltern<\/strong><\/p>\n\n\n\n<p>Mit parentu werden Informationen rund um die Erziehung und die kindliche Entwicklung zwischen 0-16 Jahren direkt zu den Eltern geschickt.<\/p>\n\n\n\n<p>Kurze Texte, Bilder, Kurzfilme und Audio-Files sind dort abrufbar, wo die Eltern daf\u00fcr Zeit finden: auf dem Arbeitsweg, in der Kaffeepause oder am K\u00fcchentisch. Die Inhalte entsprechen den Entwicklungsphasen der Kinder und sind in 12 verschiedenen Sprachen \u00fcbersetzt. Zudem informiert parentu \u00fcber Angebote und Veranstaltungen vor Ort.<\/p>\n\n\n\n<p><a href=\"https:\/\/www.parentu.ch\/\" target=\"_blank\" rel=\"noreferrer noopener\">https:\/\/www.parentu.ch\/<\/a><\/p>\n","protected":false},"excerpt":{"rendered":"<p>Die App f\u00fcr informierte Eltern Mit parentu werden Informationen rund um die Erziehung und die kindliche Entwicklung zwischen 0-16 Jahren direkt zu den Eltern geschickt. Kurze Texte, Bilder, Kurzfilme und Audio-Files sind dort abrufbar, wo die Eltern daf\u00fcr Zeit finden: auf dem Arbeitsweg, in der Kaffeepause oder am K\u00fcchentisch. Die Inhalte entsprechen den Entwicklungsphasen der &hellip; <a href=\"https:\/\/www.xn--frhefrderung-emmen-h3b0j.ch\/?page_id=182\" class=\"more-link\"><span class=\"screen-reader-text\">\u201eparentu\u201c<\/span> weiterlesen<\/a><\/p>\n","protected":false},"author":1,"featured_media":0,"parent":0,"menu_order":0,"comment_status":"closed","ping_status":"closed","template":"","meta":{"_coblocks_attr":"","_coblocks_dimensions":"","_coblocks_responsive_height":"","_coblocks_accordion_ie_support":"","_mi_skip_tracking":false,"footnotes":""},"class_list":["post-182","page","type-page","status-publish","hentry"],"aioseo_notices":[],"_links":{"self":[{"href":"https:\/\/www.xn--frhefrderung-emmen-h3b0j.ch\/index.php?rest_route=\/wp\/v2\/pages\/182"}],"collection":[{"href":"https:\/\/www.xn--frhefrderung-emmen-h3b0j.ch\/index.php?rest_route=\/wp\/v2\/pages"}],"about":[{"href":"https:\/\/www.xn--frhefrderung-emmen-h3b0j.ch\/index.php?rest_route=\/wp\/v2\/types\/page"}],"author":[{"embeddable":true,"href":"https:\/\/www.xn--frhefrderung-emmen-h3b0j.ch\/index.php?rest_route=\/wp\/v2\/users\/1"}],"replies":[{"embeddable":true,"href":"https:\/\/www.xn--frhefrderung-emmen-h3b0j.ch\/index.php?rest_route=%2Fwp%2Fv2%2Fcomments&post=182"}],"version-history":[{"count":8,"href":"https:\/\/www.xn--frhefrderung-emmen-h3b0j.ch\/index.php?rest_route=\/wp\/v2\/pages\/182\/revisions"}],"predecessor-version":[{"id":715,"href":"https:\/\/www.xn--frhefrderung-emmen-h3b0j.ch\/index.php?rest_route=\/wp\/v2\/pages\/182\/revisions\/715"}],"wp:attachment":[{"href":"https:\/\/www.xn--frhefrderung-emmen-h3b0j.ch\/index.php?rest_route=%2Fwp%2Fv2%2Fmedia&parent=182"}],"curies":[{"name":"wp","href":"https:\/\/api.w.org\/{rel}","templated":true}]}}