{"id":346,"date":"2021-01-22T10:35:00","date_gmt":"2021-01-22T10:35:00","guid":{"rendered":"https:\/\/www.xn--frhefrderung-emmen-h3b0j.ch\/?page_id=346"},"modified":"2025-01-08T15:44:11","modified_gmt":"2025-01-08T15:44:11","slug":"bibliothek","status":"publish","type":"page","link":"https:\/\/www.xn--frhefrderung-emmen-h3b0j.ch\/?page_id=346","title":{"rendered":"Bibliothek Emmen"},"content":{"rendered":"\n<p><strong>Das gemeinsame Betrachten von Bilderb\u00fcchern wirkt sich positiv auf die Beziehung zwischen Eltern und Kind aus. <\/strong><\/p>\n\n\n\n<p>Wer Kindern vorliest oder Geschichten erz\u00e4hlt, schenkt ihnen Zeit, N\u00e4he und Mitgef\u00fchl. Kinder lieben diese Momente! <\/p>\n\n\n\n<p>Geschichten regen zudem die Konzentrationsf\u00e4higkeit, die Fantasie und die Kreativit\u00e4t an. Ein Kind entdeckt dabei die Sprache und die Welt spielerisch. Kinder, denen von klein auf regelm\u00e4ssig vorgelesen wird, verf\u00fcgen im Allgemeinen \u00fcber einen gr\u00f6sseren Wortschatz und lernen leichter lesen.<\/p>\n\n\n\n<p> <strong>Das regelm\u00e4ssige Vorlesen oder Erz\u00e4hlen von Bilderb\u00fcchern:<\/strong><\/p>\n\n\n\n<ul class=\"wp-block-list\">\n<li>st\u00e4rkt die Beziehung zum Kind.<\/li>\n\n\n\n<li>f\u00f6rdert die Konzentrationsf\u00e4higkeit, Fantasie und Kreativit\u00e4t des Kindes.<\/li>\n\n\n\n<li>st\u00e4rkt die Sprachkompetenz (z.B. Wortschatz und Erz\u00e4hlf\u00e4higkeit).<\/li>\n\n\n\n<li>unterst\u00fctzt die Entwicklung von Mitgef\u00fchl und Verst\u00e4ndnis.<\/li>\n\n\n\n<li>motiviert zum Selberlesen. <\/li>\n<\/ul>\n\n\n\n<p><a href=\"https:\/\/www.kinder-4.ch\/filmfinder\/vorlesen-2\" target=\"_blank\" rel=\"noopener\" title=\"\">Warum Vorlesen f\u00fcr das kindliche Lernen gut ist&#8230;<\/a><\/p>\n\n\n\n<p><a href=\"https:\/\/www.kinder-4.ch\/filmfinder\/vorlesen-1\" target=\"_blank\" rel=\"noopener\" title=\"\">Warum Vorlesen f\u00fcr das kindliche Hirn gut ist..<\/a><\/p>\n\n\n\n<p><strong>Die Gemeindebibliothek Emmen bietet regelm\u00e4ssig Veranstaltungen f\u00fcr Familien mit Kleinkindern an:<\/strong><\/p>\n\n\n\n<p><a href=\"https:\/\/www.xn--frhefrderung-emmen-h3b0j.ch\/wp-content\/uploads\/2025\/01\/Buchstartveranstaltungen-2025-A5-1.pdf\" target=\"_blank\" rel=\"noopener\" title=\"https:\/\/www.xn--frhefrderung-emmen-h3b0j.ch\/wp-content\/uploads\/2023\/10\/Buchstartveranstaltungen-2023-in-der-Gemeindebibliothek-Emmen.pdf\">Buchstartveranstaltung<\/a><\/p>\n\n\n\n<p><a href=\"https:\/\/bvl.ch\/emmen\" target=\"_blank\" rel=\"noreferrer noopener\">https:\/\/bvl.ch\/emmen<\/a><\/p>\n\n\n\n<p><strong>Das Projekt Buchstart<\/strong><\/p>\n\n\n\n<p>Start ins Leben, Start in den Spracherwerb, Start ins Entdecken der Welt.&nbsp;<\/p>\n\n\n\n<p>Die ersten Lebensjahre sind f\u00fcr die Entwicklung eines Kindes von entscheidender Bedeutung: Kinder brauchen Zuwendung und vielf\u00e4ltige sprachliche Anregung &#8211; das gilt ganz besonders f\u00fcr Babies und Kleinkinder.<\/p>\n\n\n\n<p>Buchstart setzt sich daf\u00fcr ein, dass alle Kinder vom ersten Lebensjahr an in ihrer Sprachentwicklung gef\u00f6rdert werden. So finden sie bereits fr\u00fch den Zugang zur Welt der B\u00fccher und des Wissens.&nbsp;<\/p>\n\n\n\n<p><a href=\"https:\/\/www.buchstart.ch\" target=\"_blank\" rel=\"noreferrer noopener\">https:\/\/www.buchstart.ch<\/a><\/p>\n","protected":false},"excerpt":{"rendered":"<p>Das gemeinsame Betrachten von Bilderb\u00fcchern wirkt sich positiv auf die Beziehung zwischen Eltern und Kind aus. Wer Kindern vorliest oder Geschichten erz\u00e4hlt, schenkt ihnen Zeit, N\u00e4he und Mitgef\u00fchl. Kinder lieben diese Momente! Geschichten regen zudem die Konzentrationsf\u00e4higkeit, die Fantasie und die Kreativit\u00e4t an. Ein Kind entdeckt dabei die Sprache und die Welt spielerisch. Kinder, denen &hellip; <a href=\"https:\/\/www.xn--frhefrderung-emmen-h3b0j.ch\/?page_id=346\" class=\"more-link\"><span class=\"screen-reader-text\">\u201eBibliothek Emmen\u201c<\/span> weiterlesen<\/a><\/p>\n","protected":false},"author":2,"featured_media":0,"parent":0,"menu_order":0,"comment_status":"closed","ping_status":"closed","template":"","meta":{"_coblocks_attr":"","_coblocks_dimensions":"","_coblocks_responsive_height":"","_coblocks_accordion_ie_support":"","_mi_skip_tracking":false,"footnotes":""},"class_list":["post-346","page","type-page","status-publish","hentry"],"aioseo_notices":[],"_links":{"self":[{"href":"https:\/\/www.xn--frhefrderung-emmen-h3b0j.ch\/index.php?rest_route=\/wp\/v2\/pages\/346"}],"collection":[{"href":"https:\/\/www.xn--frhefrderung-emmen-h3b0j.ch\/index.php?rest_route=\/wp\/v2\/pages"}],"about":[{"href":"https:\/\/www.xn--frhefrderung-emmen-h3b0j.ch\/index.php?rest_route=\/wp\/v2\/types\/page"}],"author":[{"embeddable":true,"href":"https:\/\/www.xn--frhefrderung-emmen-h3b0j.ch\/index.php?rest_route=\/wp\/v2\/users\/2"}],"replies":[{"embeddable":true,"href":"https:\/\/www.xn--frhefrderung-emmen-h3b0j.ch\/index.php?rest_route=%2Fwp%2Fv2%2Fcomments&post=346"}],"version-history":[{"count":23,"href":"https:\/\/www.xn--frhefrderung-emmen-h3b0j.ch\/index.php?rest_route=\/wp\/v2\/pages\/346\/revisions"}],"predecessor-version":[{"id":1168,"href":"https:\/\/www.xn--frhefrderung-emmen-h3b0j.ch\/index.php?rest_route=\/wp\/v2\/pages\/346\/revisions\/1168"}],"wp:attachment":[{"href":"https:\/\/www.xn--frhefrderung-emmen-h3b0j.ch\/index.php?rest_route=%2Fwp%2Fv2%2Fmedia&parent=346"}],"curies":[{"name":"wp","href":"https:\/\/api.w.org\/{rel}","templated":true}]}}