{"id":352,"date":"2021-01-27T21:16:04","date_gmt":"2021-01-27T21:16:04","guid":{"rendered":"https:\/\/www.xn--frhefrderung-emmen-h3b0j.ch\/?page_id=352"},"modified":"2022-06-29T08:55:45","modified_gmt":"2022-06-29T08:55:45","slug":"turnen-mit-kindern","status":"publish","type":"page","link":"https:\/\/www.xn--frhefrderung-emmen-h3b0j.ch\/?page_id=352","title":{"rendered":"Muki Turnen"},"content":{"rendered":"\n<figure class=\"wp-block-image size-large\"><img loading=\"lazy\" decoding=\"async\" width=\"313\" height=\"298\" src=\"https:\/\/www.xn--frhefrderung-emmen-h3b0j.ch\/wp-content\/uploads\/2021\/01\/Logo_Muki.png\" alt=\"\" class=\"wp-image-492\" srcset=\"https:\/\/www.xn--frhefrderung-emmen-h3b0j.ch\/wp-content\/uploads\/2021\/01\/Logo_Muki.png 313w, https:\/\/www.xn--frhefrderung-emmen-h3b0j.ch\/wp-content\/uploads\/2021\/01\/Logo_Muki-300x286.png 300w\" sizes=\"(max-width: 313px) 85vw, 313px\" \/><\/figure>\n\n\n\n<p>Das <strong>Muki Turnen <\/strong>(Mutter und Kind Turnen) ist ein Angebot f\u00fcr Kinder ab 3 Jahren bis zum Kindergarten. Die Kinder besuchen das MuKi Turnen zusammen mit einer Begleitperson.<br>Sie erleben eine spannende und fr\u00f6hliche Turnstunde wobei die Freude am Bewegen auf vielf\u00e4ltige und fantasievolle Weise vermittelt wird.<\/p>\n\n\n\n<p>F\u00fcr weitere Informationen: <\/p>\n\n\n\n<p><a href=\"http:\/\/www.muki-emmen.ch\" target=\"_blank\" rel=\"noreferrer noopener\" title=\"\">www.muki-emmen.ch<\/a><\/p>\n\n\n\n<figure class=\"wp-block-image size-large\"><img loading=\"lazy\" decoding=\"async\" width=\"1024\" height=\"237\" src=\"https:\/\/www.xn--frhefrderung-emmen-h3b0j.ch\/wp-content\/uploads\/2021\/01\/image-12-1024x237.png\" alt=\"\" class=\"wp-image-496\" srcset=\"https:\/\/www.xn--frhefrderung-emmen-h3b0j.ch\/wp-content\/uploads\/2021\/01\/image-12-1024x237.png 1024w, https:\/\/www.xn--frhefrderung-emmen-h3b0j.ch\/wp-content\/uploads\/2021\/01\/image-12-300x69.png 300w, https:\/\/www.xn--frhefrderung-emmen-h3b0j.ch\/wp-content\/uploads\/2021\/01\/image-12-768x177.png 768w, https:\/\/www.xn--frhefrderung-emmen-h3b0j.ch\/wp-content\/uploads\/2021\/01\/image-12.png 1156w\" sizes=\"(max-width: 709px) 85vw, (max-width: 909px) 67vw, (max-width: 1362px) 62vw, 840px\" \/><\/figure>\n\n\n\n<p><br><\/p>\n\n\n\n<p><strong>MiTu<\/strong> ist ein Zusatz, der in das bestehende Mukiturnen integriert wird. MiTu f\u00f6rdert und erleichtert den Austausch und die Begegnung zwischen Familien aus verschiedenen Kulturen sowie die Integration von Kindern mit einer Beeintr\u00e4chtigung.<\/p>\n\n\n\n<p>F\u00fcr weitere Informationen:<\/p>\n\n\n\n<p><a href=\"https:\/\/www.mitu-schweiz.ch\/de\/home\" target=\"_blank\" rel=\"noreferrer noopener\">www.mitu-schweiz.ch<\/a><\/p>\n","protected":false},"excerpt":{"rendered":"<p>Das Muki Turnen (Mutter und Kind Turnen) ist ein Angebot f\u00fcr Kinder ab 3 Jahren bis zum Kindergarten. Die Kinder besuchen das MuKi Turnen zusammen mit einer Begleitperson.Sie erleben eine spannende und fr\u00f6hliche Turnstunde wobei die Freude am Bewegen auf vielf\u00e4ltige und fantasievolle Weise vermittelt wird. F\u00fcr weitere Informationen: www.muki-emmen.ch MiTu ist ein Zusatz, der &hellip; <a href=\"https:\/\/www.xn--frhefrderung-emmen-h3b0j.ch\/?page_id=352\" class=\"more-link\"><span class=\"screen-reader-text\">\u201eMuki Turnen\u201c<\/span> weiterlesen<\/a><\/p>\n","protected":false},"author":2,"featured_media":0,"parent":0,"menu_order":0,"comment_status":"closed","ping_status":"closed","template":"","meta":{"_coblocks_attr":"","_coblocks_dimensions":"","_coblocks_responsive_height":"","_coblocks_accordion_ie_support":"","_mi_skip_tracking":false,"footnotes":""},"class_list":["post-352","page","type-page","status-publish","hentry"],"aioseo_notices":[],"_links":{"self":[{"href":"https:\/\/www.xn--frhefrderung-emmen-h3b0j.ch\/index.php?rest_route=\/wp\/v2\/pages\/352"}],"collection":[{"href":"https:\/\/www.xn--frhefrderung-emmen-h3b0j.ch\/index.php?rest_route=\/wp\/v2\/pages"}],"about":[{"href":"https:\/\/www.xn--frhefrderung-emmen-h3b0j.ch\/index.php?rest_route=\/wp\/v2\/types\/page"}],"author":[{"embeddable":true,"href":"https:\/\/www.xn--frhefrderung-emmen-h3b0j.ch\/index.php?rest_route=\/wp\/v2\/users\/2"}],"replies":[{"embeddable":true,"href":"https:\/\/www.xn--frhefrderung-emmen-h3b0j.ch\/index.php?rest_route=%2Fwp%2Fv2%2Fcomments&post=352"}],"version-history":[{"count":9,"href":"https:\/\/www.xn--frhefrderung-emmen-h3b0j.ch\/index.php?rest_route=\/wp\/v2\/pages\/352\/revisions"}],"predecessor-version":[{"id":849,"href":"https:\/\/www.xn--frhefrderung-emmen-h3b0j.ch\/index.php?rest_route=\/wp\/v2\/pages\/352\/revisions\/849"}],"wp:attachment":[{"href":"https:\/\/www.xn--frhefrderung-emmen-h3b0j.ch\/index.php?rest_route=%2Fwp%2Fv2%2Fmedia&parent=352"}],"curies":[{"name":"wp","href":"https:\/\/api.w.org\/{rel}","templated":true}]}}

<figure class="wp-block-image size-large"><img loading="lazy" decoding="async" width="313" height="298" src="https://www.xn--frhefrderung-emmen-h3b0j.ch/wp-content/uploads/2021/01/Logo_Muki.png" alt="" class="wp-image-492" srcset="https://www.xn--frhefrderung-emmen-h3b0j.ch/wp-content/uploads/2021/01/Logo_Muki.png 313w, https://www.xn--frhefrderung-emmen-h3b0j.ch/wp-content/uploads/2021/01/Logo_Muki-300x286.png 300w" sizes="(max-width: 313px) 85vw, 313px" /></figure>



<p>Das <strong>Muki Turnen </strong>(Mutter und Kind Turnen) ist ein Angebot für Kinder ab 3 Jahren bis zum Kindergarten. Die Kinder besuchen das MuKi Turnen zusammen mit einer Begleitperson.<br>Sie erleben eine spannende und fröhliche Turnstunde wobei die Freude am Bewegen auf vielfältige und fantasievolle Weise vermittelt wird.</p>



<p>Für weitere Informationen: </p>



<p><a href="http://www.muki-emmen.ch" target="_blank" rel="noreferrer noopener" title="">www.muki-emmen.ch</a></p>



<figure class="wp-block-image size-large"><img loading="lazy" decoding="async" width="1024" height="237" src="https://www.xn--frhefrderung-emmen-h3b0j.ch/wp-content/uploads/2021/01/image-12-1024x237.png" alt="" class="wp-image-496" srcset="https://www.xn--frhefrderung-emmen-h3b0j.ch/wp-content/uploads/2021/01/image-12-1024x237.png 1024w, https://www.xn--frhefrderung-emmen-h3b0j.ch/wp-content/uploads/2021/01/image-12-300x69.png 300w, https://www.xn--frhefrderung-emmen-h3b0j.ch/wp-content/uploads/2021/01/image-12-768x177.png 768w, https://www.xn--frhefrderung-emmen-h3b0j.ch/wp-content/uploads/2021/01/image-12.png 1156w" sizes="(max-width: 709px) 85vw, (max-width: 909px) 67vw, (max-width: 1362px) 62vw, 840px" /></figure>



<p><br></p>



<p><strong>MiTu</strong> ist ein Zusatz, der in das bestehende Mukiturnen integriert wird. MiTu fördert und erleichtert den Austausch und die Begegnung zwischen Familien aus verschiedenen Kulturen sowie die Integration von Kindern mit einer Beeinträchtigung.</p>



<p>Für weitere Informationen:</p>



<p><a href="https://www.mitu-schweiz.ch/de/home" target="_blank" rel="noreferrer noopener">www.mitu-schweiz.ch</a></p>

<p>Das Muki Turnen (Mutter und Kind Turnen) ist ein Angebot für Kinder ab 3 Jahren bis zum Kindergarten. Die Kinder besuchen das MuKi Turnen zusammen mit einer Begleitperson.Sie erleben eine spannende und fröhliche Turnstunde wobei die Freude am Bewegen auf vielfältige und fantasievolle Weise vermittelt wird. Für weitere Informationen: www.muki-emmen.ch MiTu ist ein Zusatz, der &hellip; <a href="https://www.xn--frhefrderung-emmen-h3b0j.ch/?page_id=352" class="more-link"><span class="screen-reader-text">„Muki Turnen“</span> weiterlesen</a></p>
