{"id":688,"date":"2021-02-10T10:45:55","date_gmt":"2021-02-10T10:45:55","guid":{"rendered":"https:\/\/www.xn--frhefrderung-emmen-h3b0j.ch\/?page_id=688"},"modified":"2024-02-21T14:15:03","modified_gmt":"2024-02-21T14:15:03","slug":"ludothek","status":"publish","type":"page","link":"https:\/\/www.xn--frhefrderung-emmen-h3b0j.ch\/?page_id=688","title":{"rendered":"Ludothek Emmen"},"content":{"rendered":"\n<p><strong>Gemeinsam spielen &#8211; miteinander sprechen &#8211; zusammen Zeit verbringen <\/strong><\/p>\n\n\n\n<p>In der Ludothek k\u00f6nnen Spiele und Spielsachen f\u00fcr Kinder und Erwachsene zu g\u00fcnstigen Bedingungen ausgeliehen werden. Das bietet Gelegenheit, neue Spiele auszuprobieren und zu entdecken.<\/p>\n\n\n\n<p>Die Ludothek ist eine selbstst\u00e4ndige Gruppe des Gemeinn\u00fctzigen Frauenvereins Emmen. Sie steht der ganzen Bev\u00f6lkerung der Gemeinden zur Verf\u00fcgung und befindet sich beim Gersag Schulhaus an der R\u00fceggisingerstrasse 24a in Emmenbr\u00fccke. <\/p>\n\n\n\n<p><br>Ludothek Emmen \u2013 &nbsp;Ausleihe von Spielmaterial f\u00fcr die ganze Familie<br><a href=\"http:\/\/www.ludothek-emmen.ch\/\" target=\"_blank\" rel=\"noreferrer noopener\">www.ludothek-emmen.ch<\/a><\/p>\n\n\n\n<p><\/p>\n","protected":false},"excerpt":{"rendered":"<p>Gemeinsam spielen &#8211; miteinander sprechen &#8211; zusammen Zeit verbringen In der Ludothek k\u00f6nnen Spiele und Spielsachen f\u00fcr Kinder und Erwachsene zu g\u00fcnstigen Bedingungen ausgeliehen werden. Das bietet Gelegenheit, neue Spiele auszuprobieren und zu entdecken. Die Ludothek ist eine selbstst\u00e4ndige Gruppe des Gemeinn\u00fctzigen Frauenvereins Emmen. Sie steht der ganzen Bev\u00f6lkerung der Gemeinden zur Verf\u00fcgung und befindet &hellip; <a href=\"https:\/\/www.xn--frhefrderung-emmen-h3b0j.ch\/?page_id=688\" class=\"more-link\"><span class=\"screen-reader-text\">\u201eLudothek Emmen\u201c<\/span> weiterlesen<\/a><\/p>\n","protected":false},"author":1,"featured_media":0,"parent":0,"menu_order":0,"comment_status":"closed","ping_status":"closed","template":"","meta":{"_coblocks_attr":"","_coblocks_dimensions":"","_coblocks_responsive_height":"","_coblocks_accordion_ie_support":"","_mi_skip_tracking":false,"footnotes":""},"class_list":["post-688","page","type-page","status-publish","hentry"],"aioseo_notices":[],"_links":{"self":[{"href":"https:\/\/www.xn--frhefrderung-emmen-h3b0j.ch\/index.php?rest_route=\/wp\/v2\/pages\/688"}],"collection":[{"href":"https:\/\/www.xn--frhefrderung-emmen-h3b0j.ch\/index.php?rest_route=\/wp\/v2\/pages"}],"about":[{"href":"https:\/\/www.xn--frhefrderung-emmen-h3b0j.ch\/index.php?rest_route=\/wp\/v2\/types\/page"}],"author":[{"embeddable":true,"href":"https:\/\/www.xn--frhefrderung-emmen-h3b0j.ch\/index.php?rest_route=\/wp\/v2\/users\/1"}],"replies":[{"embeddable":true,"href":"https:\/\/www.xn--frhefrderung-emmen-h3b0j.ch\/index.php?rest_route=%2Fwp%2Fv2%2Fcomments&post=688"}],"version-history":[{"count":8,"href":"https:\/\/www.xn--frhefrderung-emmen-h3b0j.ch\/index.php?rest_route=\/wp\/v2\/pages\/688\/revisions"}],"predecessor-version":[{"id":1019,"href":"https:\/\/www.xn--frhefrderung-emmen-h3b0j.ch\/index.php?rest_route=\/wp\/v2\/pages\/688\/revisions\/1019"}],"wp:attachment":[{"href":"https:\/\/www.xn--frhefrderung-emmen-h3b0j.ch\/index.php?rest_route=%2Fwp%2Fv2%2Fmedia&parent=688"}],"curies":[{"name":"wp","href":"https:\/\/api.w.org\/{rel}","templated":true}]}}