{"id":821,"date":"2022-05-11T08:59:28","date_gmt":"2022-05-11T08:59:28","guid":{"rendered":"https:\/\/www.xn--frhefrderung-emmen-h3b0j.ch\/?page_id=821"},"modified":"2026-04-21T14:34:25","modified_gmt":"2026-04-21T14:34:25","slug":"aktuelles","status":"publish","type":"page","link":"https:\/\/www.xn--frhefrderung-emmen-h3b0j.ch\/?page_id=821","title":{"rendered":"Aktuell &#8211; Vielf\u00e4ltige und kunterbunte  Angebote f\u00fcr junge Familien."},"content":{"rendered":"\n<p>_______________________________________________<\/p>\n\n\n\n<h2 class=\"wp-block-heading\">Spieltraum 2026 &#8211; Start ab 20. April 2026<\/h2>\n\n\n\n<p><strong>Der Spieltraum findet von April bis September 2026 an vier verschiedenen Standorten statt (ausgenommen Schulferien).<\/strong><\/p>\n\n\n\n<p>Spielen, ausprobieren, andere Familien und Kinder treffen, zusammen essen, Fragen stellen, Kontakte kn\u00fcpfen und miteinander Zeitverbringen. <\/p>\n\n\n\n<p>Die Angebote des  <strong>Spieltraums sind kein Ersatz f\u00fcr einen Spielgruppenbesuch, <\/strong>sondern eine gute Vorbereitung f\u00fcr den sp\u00e4teren Spielgruppeneintritt.<\/p>\n\n\n\n<p>Die Spielangebote sind gratis und richten sich an Kinder ab 2 Jahren. Familien mit j\u00fcngeren Kindern sind herzlich willkommen.<\/p>\n\n\n\n<figure class=\"wp-block-image size-full\"><img loading=\"lazy\" decoding=\"async\" width=\"592\" height=\"843\" src=\"https:\/\/www.xn--frhefrderung-emmen-h3b0j.ch\/wp-content\/uploads\/2026\/03\/2026_Spieltraum_VS.png\" alt=\"\" class=\"wp-image-1265\" srcset=\"https:\/\/www.xn--frhefrderung-emmen-h3b0j.ch\/wp-content\/uploads\/2026\/03\/2026_Spieltraum_VS.png 592w, https:\/\/www.xn--frhefrderung-emmen-h3b0j.ch\/wp-content\/uploads\/2026\/03\/2026_Spieltraum_VS-211x300.png 211w\" sizes=\"(max-width: 592px) 85vw, 592px\" \/><\/figure>\n\n\n\n<figure class=\"wp-block-image size-full\"><img loading=\"lazy\" decoding=\"async\" width=\"593\" height=\"835\" src=\"https:\/\/www.xn--frhefrderung-emmen-h3b0j.ch\/wp-content\/uploads\/2026\/03\/2026_Spieltraum_RS.png\" alt=\"\" class=\"wp-image-1264\" srcset=\"https:\/\/www.xn--frhefrderung-emmen-h3b0j.ch\/wp-content\/uploads\/2026\/03\/2026_Spieltraum_RS.png 593w, https:\/\/www.xn--frhefrderung-emmen-h3b0j.ch\/wp-content\/uploads\/2026\/03\/2026_Spieltraum_RS-213x300.png 213w\" sizes=\"(max-width: 593px) 85vw, 593px\" \/><\/figure>\n\n\n\n<p>Weitere Infos zum <a href=\"https:\/\/spieltraum-luzern.ch\/\" target=\"_blank\" rel=\"noopener\" title=\"\">Spieltraum<\/a><a href=\"https:\/\/www.xn--frhefrderung-emmen-h3b0j.ch\/wp-content\/uploads\/2023\/09\/Plakat-alle-FSZ_2023_24-1.pdf\" target=\"_blank\" rel=\"noopener\" title=\"\"> <\/a> finden Sie hier.<\/p>\n\n\n\n<p>_______________________________________________<\/p>\n\n\n\n<p><strong>Offene Spieltreffen f\u00fcr junge Familien<\/strong><\/p>\n\n\n\n<p>Spielgruppe im Neuhof &#8211; jeden Donnerstag von 14-16 Uhr &#8211; ausser in den Schulferien<\/p>\n\n\n\n<figure class=\"wp-block-image size-full\"><img loading=\"lazy\" decoding=\"async\" width=\"708\" height=\"702\" src=\"https:\/\/www.xn--frhefrderung-emmen-h3b0j.ch\/wp-content\/uploads\/2026\/04\/Donnerstags-Spie\u202altreffen-im-Sommer-2026.png\" alt=\"\" class=\"wp-image-1278\" srcset=\"https:\/\/www.xn--frhefrderung-emmen-h3b0j.ch\/wp-content\/uploads\/2026\/04\/Donnerstags-Spie\u202altreffen-im-Sommer-2026.png 708w, https:\/\/www.xn--frhefrderung-emmen-h3b0j.ch\/wp-content\/uploads\/2026\/04\/Donnerstags-Spie\u202altreffen-im-Sommer-2026-300x297.png 300w, https:\/\/www.xn--frhefrderung-emmen-h3b0j.ch\/wp-content\/uploads\/2026\/04\/Donnerstags-Spie\u202altreffen-im-Sommer-2026-150x150.png 150w\" sizes=\"(max-width: 708px) 85vw, 708px\" \/><\/figure>\n\n\n\n<p>_______________________________________________<\/p>\n\n\n\n<h2 class=\"wp-block-heading\">Familien-Spielzeit   &#8211; Sommerpause                                         findet jeweils von Oktober bis April statt<\/h2>\n\n\n\n<p><strong>Gratis-Spielangebote f\u00fcr Emmer Familien<\/strong><\/p>\n\n\n\n<p>ab 13.Oktober 2025 <\/p>\n\n\n\n<figure class=\"wp-block-image\"><img decoding=\"async\" src=\"blob:https:\/\/www.xn--frhefrderung-emmen-h3b0j.ch\/535ee291-f65d-4571-9090-0a4c21b6944b\" alt=\"\"\/><\/figure>\n\n\n\n<p>an 7 verschiedenen Standorten (ausgenommen Schulferien)<\/p>\n\n\n\n<p>Spielen, ausprobieren, andere Familien und Kinder treffen, zusammen essen, Fragen stellen, Kontakte kn\u00fcpfen und miteinander Zeitverbringen. <\/p>\n\n\n\n<p>Die Angebote der <strong>Familien-Spielzeit sind kein Ersatz f\u00fcr einen Spielgruppenbesuch, <\/strong>sondern eine gute Vorbereitung f\u00fcr den sp\u00e4teren Spielgruppeneintritt.<\/p>\n\n\n\n<p>Die Spielangebote sind gratis und richten sich an Familien mit Kindern bis          4 Jahre.<\/p>\n\n\n\n<div class=\"wp-block-cover\"><span aria-hidden=\"true\" class=\"wp-block-cover__background has-background-dim\"><\/span><img loading=\"lazy\" decoding=\"async\" width=\"1059\" height=\"1497\" class=\"wp-block-cover__image-background wp-image-1227\" alt=\"\" src=\"https:\/\/www.xn--frhefrderung-emmen-h3b0j.ch\/wp-content\/uploads\/2025\/09\/FSZ_Flyer_VS_2025_26-1-pdf.jpg\" data-object-fit=\"cover\"\/><div class=\"wp-block-cover__inner-container is-layout-flow wp-block-cover-is-layout-flow\">\n<p class=\"has-text-align-center has-large-font-size\">Sommerpause bis Mitte Oktober 2026<\/p>\n<\/div><\/div>\n\n\n\n<p>_______________________________________________<\/p>\n\n\n\n<h2 class=\"wp-block-heading\">I Like to move it!<\/h2>\n\n\n\n<p><br><strong>Der Sonntags-Indoorspielplatz f\u00fcr junge Familien<\/strong><\/p>\n\n\n\n<div class=\"wp-block-cover\"><span aria-hidden=\"true\" class=\"wp-block-cover__background has-background-dim\"><\/span><img loading=\"lazy\" decoding=\"async\" width=\"430\" height=\"608\" class=\"wp-block-cover__image-background wp-image-1234\" alt=\"\" src=\"https:\/\/www.xn--frhefrderung-emmen-h3b0j.ch\/wp-content\/uploads\/2025\/10\/I-like-to-move-it-_snipp.png\" data-object-fit=\"cover\" srcset=\"https:\/\/www.xn--frhefrderung-emmen-h3b0j.ch\/wp-content\/uploads\/2025\/10\/I-like-to-move-it-_snipp.png 430w, https:\/\/www.xn--frhefrderung-emmen-h3b0j.ch\/wp-content\/uploads\/2025\/10\/I-like-to-move-it-_snipp-212x300.png 212w\" sizes=\"(max-width: 430px) 85vw, 430px\" \/><div class=\"wp-block-cover__inner-container is-layout-flow wp-block-cover-is-layout-flow\">\n<p class=\"has-text-align-center has-large-font-size\">Sommerpause bis Ende Oktober 2026<\/p>\n<\/div><\/div>\n\n\n\n<p>_______________________________________________<\/p>\n\n\n\n<p><strong>Bibliotheksbesuche schon mit ganz kleine Kindern &#8211; Veranstaltungen 2026 in der Emmer Gemeindebibliothek <\/strong><\/p>\n\n\n\n<figure class=\"wp-block-image size-full is-resized\"><img loading=\"lazy\" decoding=\"async\" width=\"444\" height=\"628\" src=\"https:\/\/www.xn--frhefrderung-emmen-h3b0j.ch\/wp-content\/uploads\/2025\/12\/Buchstart-2026.png\" alt=\"\" class=\"wp-image-1240\" style=\"width:513px;height:auto\" srcset=\"https:\/\/www.xn--frhefrderung-emmen-h3b0j.ch\/wp-content\/uploads\/2025\/12\/Buchstart-2026.png 444w, https:\/\/www.xn--frhefrderung-emmen-h3b0j.ch\/wp-content\/uploads\/2025\/12\/Buchstart-2026-212x300.png 212w\" sizes=\"(max-width: 444px) 85vw, 444px\" \/><\/figure>\n\n\n\n<p>______________________________________________<\/p>\n\n\n\n<p><strong>Eltern-Kind-Kurse im KUKA<\/strong><\/p>\n\n\n\n<figure class=\"wp-block-image size-full is-resized\"><img loading=\"lazy\" decoding=\"async\" width=\"679\" height=\"501\" src=\"https:\/\/www.xn--frhefrderung-emmen-h3b0j.ch\/wp-content\/uploads\/2024\/11\/Info-elki_-Kuka.png\" alt=\"\" class=\"wp-image-1120\" style=\"width:548px;height:auto\" srcset=\"https:\/\/www.xn--frhefrderung-emmen-h3b0j.ch\/wp-content\/uploads\/2024\/11\/Info-elki_-Kuka.png 679w, https:\/\/www.xn--frhefrderung-emmen-h3b0j.ch\/wp-content\/uploads\/2024\/11\/Info-elki_-Kuka-300x221.png 300w\" sizes=\"(max-width: 679px) 85vw, 679px\" \/><\/figure>\n\n\n\n<p>Weitere Infos zum <a href=\"https:\/\/kuka-emmen.ch\/#angebot\" target=\"_blank\" rel=\"noopener\" title=\"\">Kursangebot<\/a> finden Sie hier<\/p>\n\n\n\n<p>_____________________________________________<\/p>\n\n\n\n<figure class=\"wp-block-image size-large is-resized\"><img loading=\"lazy\" decoding=\"async\" width=\"1024\" height=\"536\" src=\"https:\/\/www.xn--frhefrderung-emmen-h3b0j.ch\/wp-content\/uploads\/2025\/08\/Bild-Friactiv-1024x536.png\" alt=\"\" class=\"wp-image-1219\" style=\"width:596px;height:auto\" srcset=\"https:\/\/www.xn--frhefrderung-emmen-h3b0j.ch\/wp-content\/uploads\/2025\/08\/Bild-Friactiv-1024x536.png 1024w, https:\/\/www.xn--frhefrderung-emmen-h3b0j.ch\/wp-content\/uploads\/2025\/08\/Bild-Friactiv-300x157.png 300w, https:\/\/www.xn--frhefrderung-emmen-h3b0j.ch\/wp-content\/uploads\/2025\/08\/Bild-Friactiv-768x402.png 768w, https:\/\/www.xn--frhefrderung-emmen-h3b0j.ch\/wp-content\/uploads\/2025\/08\/Bild-Friactiv.png 1177w\" sizes=\"(max-width: 709px) 85vw, (max-width: 909px) 67vw, (max-width: 1362px) 62vw, 840px\" \/><\/figure>\n\n\n\n<p><strong>FriActiv &#8211; eine interaktive Entdeckungs- und Bewegungsreise in Emmen f\u00fcr alle<\/strong><\/p>\n\n\n\n<figure class=\"wp-block-image size-full\"><img loading=\"lazy\" decoding=\"async\" width=\"509\" height=\"736\" src=\"https:\/\/www.xn--frhefrderung-emmen-h3b0j.ch\/wp-content\/uploads\/2026\/03\/Flyer-Friactiv_2026-1.png\" alt=\"\" class=\"wp-image-1273\" srcset=\"https:\/\/www.xn--frhefrderung-emmen-h3b0j.ch\/wp-content\/uploads\/2026\/03\/Flyer-Friactiv_2026-1.png 509w, https:\/\/www.xn--frhefrderung-emmen-h3b0j.ch\/wp-content\/uploads\/2026\/03\/Flyer-Friactiv_2026-1-207x300.png 207w\" sizes=\"(max-width: 509px) 85vw, 509px\" \/><\/figure>\n\n\n\n<p><a href=\"https:\/\/emmenbewegt.emmen.ch\/emmenbewegt\/friactiv\" target=\"_blank\" rel=\"noopener\" title=\"\">Mehr Informationen<\/a><\/p>\n\n\n\n<p><\/p>\n","protected":false},"excerpt":{"rendered":"<p>_______________________________________________ Spieltraum 2026 &#8211; Start ab 20. April 2026 Der Spieltraum findet von April bis September 2026 an vier verschiedenen Standorten statt (ausgenommen Schulferien). Spielen, ausprobieren, andere Familien und Kinder treffen, zusammen essen, Fragen stellen, Kontakte kn\u00fcpfen und miteinander Zeitverbringen. Die Angebote des Spieltraums sind kein Ersatz f\u00fcr einen Spielgruppenbesuch, sondern eine gute Vorbereitung f\u00fcr &hellip; <a href=\"https:\/\/www.xn--frhefrderung-emmen-h3b0j.ch\/?page_id=821\" class=\"more-link\"><span class=\"screen-reader-text\">\u201eAktuell &#8211; Vielf\u00e4ltige und kunterbunte  Angebote f\u00fcr junge Familien.\u201c<\/span> weiterlesen<\/a><\/p>\n","protected":false},"author":1,"featured_media":0,"parent":0,"menu_order":0,"comment_status":"closed","ping_status":"closed","template":"","meta":{"_coblocks_attr":"","_coblocks_dimensions":"","_coblocks_responsive_height":"","_coblocks_accordion_ie_support":"","_mi_skip_tracking":false,"footnotes":""},"class_list":["post-821","page","type-page","status-publish","hentry"],"aioseo_notices":[],"_links":{"self":[{"href":"https:\/\/www.xn--frhefrderung-emmen-h3b0j.ch\/index.php?rest_route=\/wp\/v2\/pages\/821"}],"collection":[{"href":"https:\/\/www.xn--frhefrderung-emmen-h3b0j.ch\/index.php?rest_route=\/wp\/v2\/pages"}],"about":[{"href":"https:\/\/www.xn--frhefrderung-emmen-h3b0j.ch\/index.php?rest_route=\/wp\/v2\/types\/page"}],"author":[{"embeddable":true,"href":"https:\/\/www.xn--frhefrderung-emmen-h3b0j.ch\/index.php?rest_route=\/wp\/v2\/users\/1"}],"replies":[{"embeddable":true,"href":"https:\/\/www.xn--frhefrderung-emmen-h3b0j.ch\/index.php?rest_route=%2Fwp%2Fv2%2Fcomments&post=821"}],"version-history":[{"count":71,"href":"https:\/\/www.xn--frhefrderung-emmen-h3b0j.ch\/index.php?rest_route=\/wp\/v2\/pages\/821\/revisions"}],"predecessor-version":[{"id":1282,"href":"https:\/\/www.xn--frhefrderung-emmen-h3b0j.ch\/index.php?rest_route=\/wp\/v2\/pages\/821\/revisions\/1282"}],"wp:attachment":[{"href":"https:\/\/www.xn--frhefrderung-emmen-h3b0j.ch\/index.php?rest_route=%2Fwp%2Fv2%2Fmedia&parent=821"}],"curies":[{"name":"wp","href":"https:\/\/api.w.org\/{rel}","templated":true}]}}

Aktuell &#8211; Vielfältige und kunterbunte  Angebote für junge Familien.

<p>_______________________________________________</p>



<h2 class="wp-block-heading">Spieltraum 2026 &#8211; Start ab 20. April 2026</h2>



<p><strong>Der Spieltraum findet von April bis September 2026 an vier verschiedenen Standorten statt (ausgenommen Schulferien).</strong></p>



<p>Spielen, ausprobieren, andere Familien und Kinder treffen, zusammen essen, Fragen stellen, Kontakte knüpfen und miteinander Zeitverbringen. </p>



<p>Die Angebote des  <strong>Spieltraums sind kein Ersatz für einen Spielgruppenbesuch, </strong>sondern eine gute Vorbereitung für den späteren Spielgruppeneintritt.</p>



<p>Die Spielangebote sind gratis und richten sich an Kinder ab 2 Jahren. Familien mit jüngeren Kindern sind herzlich willkommen.</p>



<figure class="wp-block-image size-full"><img loading="lazy" decoding="async" width="592" height="843" src="https://www.xn--frhefrderung-emmen-h3b0j.ch/wp-content/uploads/2026/03/2026_Spieltraum_VS.png" alt="" class="wp-image-1265" srcset="https://www.xn--frhefrderung-emmen-h3b0j.ch/wp-content/uploads/2026/03/2026_Spieltraum_VS.png 592w, https://www.xn--frhefrderung-emmen-h3b0j.ch/wp-content/uploads/2026/03/2026_Spieltraum_VS-211x300.png 211w" sizes="(max-width: 592px) 85vw, 592px" /></figure>



<figure class="wp-block-image size-full"><img loading="lazy" decoding="async" width="593" height="835" src="https://www.xn--frhefrderung-emmen-h3b0j.ch/wp-content/uploads/2026/03/2026_Spieltraum_RS.png" alt="" class="wp-image-1264" srcset="https://www.xn--frhefrderung-emmen-h3b0j.ch/wp-content/uploads/2026/03/2026_Spieltraum_RS.png 593w, https://www.xn--frhefrderung-emmen-h3b0j.ch/wp-content/uploads/2026/03/2026_Spieltraum_RS-213x300.png 213w" sizes="(max-width: 593px) 85vw, 593px" /></figure>



<p>Weitere Infos zum <a href="https://spieltraum-luzern.ch/" target="_blank" rel="noopener" title="">Spieltraum</a><a href="https://www.xn--frhefrderung-emmen-h3b0j.ch/wp-content/uploads/2023/09/Plakat-alle-FSZ_2023_24-1.pdf" target="_blank" rel="noopener" title=""> </a> finden Sie hier.</p>



<p>_______________________________________________</p>



<p><strong>Offene Spieltreffen für junge Familien</strong></p>



<p>Spielgruppe im Neuhof &#8211; jeden Donnerstag von 14-16 Uhr &#8211; ausser in den Schulferien</p>



<figure class="wp-block-image size-full"><img loading="lazy" decoding="async" width="708" height="702" src="https://www.xn--frhefrderung-emmen-h3b0j.ch/wp-content/uploads/2026/04/Donnerstags-Spie‪ltreffen-im-Sommer-2026.png" alt="" class="wp-image-1278" srcset="https://www.xn--frhefrderung-emmen-h3b0j.ch/wp-content/uploads/2026/04/Donnerstags-Spie‪ltreffen-im-Sommer-2026.png 708w, https://www.xn--frhefrderung-emmen-h3b0j.ch/wp-content/uploads/2026/04/Donnerstags-Spie‪ltreffen-im-Sommer-2026-300x297.png 300w, https://www.xn--frhefrderung-emmen-h3b0j.ch/wp-content/uploads/2026/04/Donnerstags-Spie‪ltreffen-im-Sommer-2026-150x150.png 150w" sizes="(max-width: 708px) 85vw, 708px" /></figure>



<p>_______________________________________________</p>



<h2 class="wp-block-heading">Familien-Spielzeit   &#8211; Sommerpause                                         findet jeweils von Oktober bis April statt</h2>



<p><strong>Gratis-Spielangebote für Emmer Familien</strong></p>



<p>ab 13.Oktober 2025 </p>



<figure class="wp-block-image"><img decoding="async" src="blob:https://www.xn--frhefrderung-emmen-h3b0j.ch/535ee291-f65d-4571-9090-0a4c21b6944b" alt=""/></figure>



<p>an 7 verschiedenen Standorten (ausgenommen Schulferien)</p>



<p>Spielen, ausprobieren, andere Familien und Kinder treffen, zusammen essen, Fragen stellen, Kontakte knüpfen und miteinander Zeitverbringen. </p>



<p>Die Angebote der <strong>Familien-Spielzeit sind kein Ersatz für einen Spielgruppenbesuch, </strong>sondern eine gute Vorbereitung für den späteren Spielgruppeneintritt.</p>



<p>Die Spielangebote sind gratis und richten sich an Familien mit Kindern bis          4 Jahre.</p>



<div class="wp-block-cover"><span aria-hidden="true" class="wp-block-cover__background has-background-dim"></span><img loading="lazy" decoding="async" width="1059" height="1497" class="wp-block-cover__image-background wp-image-1227" alt="" src="https://www.xn--frhefrderung-emmen-h3b0j.ch/wp-content/uploads/2025/09/FSZ_Flyer_VS_2025_26-1-pdf.jpg" data-object-fit="cover"/><div class="wp-block-cover__inner-container is-layout-flow wp-block-cover-is-layout-flow">
<p class="has-text-align-center has-large-font-size">Sommerpause bis Mitte Oktober 2026</p>
</div></div>



<p>_______________________________________________</p>



<h2 class="wp-block-heading">I Like to move it!</h2>



<p><br><strong>Der Sonntags-Indoorspielplatz für junge Familien</strong></p>



<div class="wp-block-cover"><span aria-hidden="true" class="wp-block-cover__background has-background-dim"></span><img loading="lazy" decoding="async" width="430" height="608" class="wp-block-cover__image-background wp-image-1234" alt="" src="https://www.xn--frhefrderung-emmen-h3b0j.ch/wp-content/uploads/2025/10/I-like-to-move-it-_snipp.png" data-object-fit="cover" srcset="https://www.xn--frhefrderung-emmen-h3b0j.ch/wp-content/uploads/2025/10/I-like-to-move-it-_snipp.png 430w, https://www.xn--frhefrderung-emmen-h3b0j.ch/wp-content/uploads/2025/10/I-like-to-move-it-_snipp-212x300.png 212w" sizes="(max-width: 430px) 85vw, 430px" /><div class="wp-block-cover__inner-container is-layout-flow wp-block-cover-is-layout-flow">
<p class="has-text-align-center has-large-font-size">Sommerpause bis Ende Oktober 2026</p>
</div></div>



<p>_______________________________________________</p>



<p><strong>Bibliotheksbesuche schon mit ganz kleine Kindern &#8211; Veranstaltungen 2026 in der Emmer Gemeindebibliothek </strong></p>



<figure class="wp-block-image size-full is-resized"><img loading="lazy" decoding="async" width="444" height="628" src="https://www.xn--frhefrderung-emmen-h3b0j.ch/wp-content/uploads/2025/12/Buchstart-2026.png" alt="" class="wp-image-1240" style="width:513px;height:auto" srcset="https://www.xn--frhefrderung-emmen-h3b0j.ch/wp-content/uploads/2025/12/Buchstart-2026.png 444w, https://www.xn--frhefrderung-emmen-h3b0j.ch/wp-content/uploads/2025/12/Buchstart-2026-212x300.png 212w" sizes="(max-width: 444px) 85vw, 444px" /></figure>



<p>______________________________________________</p>



<p><strong>Eltern-Kind-Kurse im KUKA</strong></p>



<figure class="wp-block-image size-full is-resized"><img loading="lazy" decoding="async" width="679" height="501" src="https://www.xn--frhefrderung-emmen-h3b0j.ch/wp-content/uploads/2024/11/Info-elki_-Kuka.png" alt="" class="wp-image-1120" style="width:548px;height:auto" srcset="https://www.xn--frhefrderung-emmen-h3b0j.ch/wp-content/uploads/2024/11/Info-elki_-Kuka.png 679w, https://www.xn--frhefrderung-emmen-h3b0j.ch/wp-content/uploads/2024/11/Info-elki_-Kuka-300x221.png 300w" sizes="(max-width: 679px) 85vw, 679px" /></figure>



<p>Weitere Infos zum <a href="https://kuka-emmen.ch/#angebot" target="_blank" rel="noopener" title="">Kursangebot</a> finden Sie hier</p>



<p>_____________________________________________</p>



<figure class="wp-block-image size-large is-resized"><img loading="lazy" decoding="async" width="1024" height="536" src="https://www.xn--frhefrderung-emmen-h3b0j.ch/wp-content/uploads/2025/08/Bild-Friactiv-1024x536.png" alt="" class="wp-image-1219" style="width:596px;height:auto" srcset="https://www.xn--frhefrderung-emmen-h3b0j.ch/wp-content/uploads/2025/08/Bild-Friactiv-1024x536.png 1024w, https://www.xn--frhefrderung-emmen-h3b0j.ch/wp-content/uploads/2025/08/Bild-Friactiv-300x157.png 300w, https://www.xn--frhefrderung-emmen-h3b0j.ch/wp-content/uploads/2025/08/Bild-Friactiv-768x402.png 768w, https://www.xn--frhefrderung-emmen-h3b0j.ch/wp-content/uploads/2025/08/Bild-Friactiv.png 1177w" sizes="(max-width: 709px) 85vw, (max-width: 909px) 67vw, (max-width: 1362px) 62vw, 840px" /></figure>



<p><strong>FriActiv &#8211; eine interaktive Entdeckungs- und Bewegungsreise in Emmen für alle</strong></p>



<figure class="wp-block-image size-full"><img loading="lazy" decoding="async" width="509" height="736" src="https://www.xn--frhefrderung-emmen-h3b0j.ch/wp-content/uploads/2026/03/Flyer-Friactiv_2026-1.png" alt="" class="wp-image-1273" srcset="https://www.xn--frhefrderung-emmen-h3b0j.ch/wp-content/uploads/2026/03/Flyer-Friactiv_2026-1.png 509w, https://www.xn--frhefrderung-emmen-h3b0j.ch/wp-content/uploads/2026/03/Flyer-Friactiv_2026-1-207x300.png 207w" sizes="(max-width: 509px) 85vw, 509px" /></figure>



<p><a href="https://emmenbewegt.emmen.ch/emmenbewegt/friactiv" target="_blank" rel="noopener" title="">Mehr Informationen</a></p>



<p></p>

<p>_______________________________________________ Spieltraum 2026 &#8211; Start ab 20. April 2026 Der Spieltraum findet von April bis September 2026 an vier verschiedenen Standorten statt (ausgenommen Schulferien). Spielen, ausprobieren, andere Familien und Kinder treffen, zusammen essen, Fragen stellen, Kontakte knüpfen und miteinander Zeitverbringen. Die Angebote des Spieltraums sind kein Ersatz für einen Spielgruppenbesuch, sondern eine gute Vorbereitung für &hellip; <a href="https://www.xn--frhefrderung-emmen-h3b0j.ch/?page_id=821" class="more-link"><span class="screen-reader-text">„Aktuell &#8211; Vielfältige und kunterbunte  Angebote für junge Familien.“</span> weiterlesen</a></p>
