{"id":901,"date":"2023-04-26T06:42:27","date_gmt":"2023-04-26T06:42:27","guid":{"rendered":"https:\/\/www.xn--frhefrderung-emmen-h3b0j.ch\/?page_id=901"},"modified":"2024-11-13T16:18:27","modified_gmt":"2024-11-13T16:18:27","slug":"schuldienste-emmen","status":"publish","type":"page","link":"https:\/\/www.xn--frhefrderung-emmen-h3b0j.ch\/?page_id=901","title":{"rendered":"Schuldienste Emmen"},"content":{"rendered":"\n<figure class=\"wp-block-image size-large is-resized\"><img loading=\"lazy\" decoding=\"async\" width=\"1024\" height=\"365\" src=\"https:\/\/www.xn--frhefrderung-emmen-h3b0j.ch\/wp-content\/uploads\/2023\/05\/Logo-Kompetenzzentrum-Kind-1024x365.png\" alt=\"\" class=\"wp-image-956\" style=\"width:607px;height:216px\" srcset=\"https:\/\/www.xn--frhefrderung-emmen-h3b0j.ch\/wp-content\/uploads\/2023\/05\/Logo-Kompetenzzentrum-Kind-1024x365.png 1024w, https:\/\/www.xn--frhefrderung-emmen-h3b0j.ch\/wp-content\/uploads\/2023\/05\/Logo-Kompetenzzentrum-Kind-300x107.png 300w, https:\/\/www.xn--frhefrderung-emmen-h3b0j.ch\/wp-content\/uploads\/2023\/05\/Logo-Kompetenzzentrum-Kind-768x274.png 768w, https:\/\/www.xn--frhefrderung-emmen-h3b0j.ch\/wp-content\/uploads\/2023\/05\/Logo-Kompetenzzentrum-Kind-1200x428.png 1200w, https:\/\/www.xn--frhefrderung-emmen-h3b0j.ch\/wp-content\/uploads\/2023\/05\/Logo-Kompetenzzentrum-Kind.png 1516w\" sizes=\"(max-width: 709px) 85vw, (max-width: 909px) 67vw, (max-width: 1362px) 62vw, 840px\" \/><\/figure>\n\n\n\n<p><\/p>\n\n\n\n<p>Zu den Schuldiensten geh\u00f6ren der Logop\u00e4dische Dienst, die Psychomotoriktherapie, der Schulpsychologische Dienst und die Schulsozialarbeit.<br>Die Schuldienste unterst\u00fctzen Fachpersonen im Fr\u00fchbereich, Lehrpersonen, Eltern und (Vorschul-) Kinder. Ihre Leistungen sind unentgeltlich.<\/p>\n\n\n\n<p><strong>Logop\u00e4die<\/strong><\/p>\n\n\n\n<div class=\"wp-block-group is-vertical is-layout-flex wp-container-core-group-is-layout-1 wp-block-group-is-layout-flex\">\n<p>Wenn Sie Auff\u00e4lligkeiten in der Spiel- und\/oder der Sprachentwicklung ihres                   Kindes beobachten.  <\/p>\n\n\n\n<p>Wenn Sie das Gef\u00fchl haben, ihr Kind mache kaum sprachliche Fortschritte.  <\/p>\n\n\n\n<p>Wenn ihr Kind merkt, dass es Schwierigkeiten mit dem Sprechen und\/oder Verstehen hat.<\/p>\n\n\n\n<p>Wenn Sie wegen der Sprachentwicklung ihres Kindes besorgt sind und Fragen haben.<\/p>\n\n\n\n<p>Wenn Sie als Fachperson Fragen zur Sprachentwicklung von Kindern haben.<\/p>\n<\/div>\n\n\n\n<p><\/p>\n\n\n\n<p><strong>Psychomotorik-Therapie<\/strong><\/p>\n\n\n\n<div class=\"wp-block-group is-vertical is-layout-flex wp-container-core-group-is-layout-2 wp-block-group-is-layout-flex\">\n<p>Bei Schwierigkeiten beim Zeichnen, Schreiben und Basteln (Fein- und Grafomotorik).  <\/p>\n\n\n\n<p>Wenn sich Ihr Kind unsicher, ungeschickt, gehemmt oder unruhig bewegt (Grobmotorik).   <\/p>\n\n\n\n<p>Bei Verz\u00f6gerung der Bewegungsentwicklung.    <\/p>\n\n\n\n<p>Wenn Ihr Kind Schwierigkeiten bei der Kontaktaufnahme mit der Umwelt hat. <\/p>\n\n\n\n<p>Wenn das Kind darunter leidet, dass ihm vieles nicht gelingt, wie es gerne m\u00f6chte.<\/p>\n<\/div>\n\n\n\n<p><\/p>\n\n\n\n<p><strong>Projekt Filo<\/strong><\/p>\n\n\n\n<p>\u00abFilo\u00bb ist das Pr\u00e4ventionsprojekt der Schuldienste Emmen. Im Rahmen des Projekts gibt es vielf\u00e4ltige Module \u2013 \u00fcber F\u00f6rdergruppen, Pr\u00e4ventionsangebote, Elternbildungsveranstaltungen bis hin zu \u00d6ffentlichkeitsarbeit \u2013 alle mit dem Ziel, die kindliche Entwicklung zu unterst\u00fctzen.<strong><\/strong><\/p>\n\n\n\n<p><strong>Weitere Informationen zu den Angeboten der Schuldienste:<\/strong><\/p>\n\n\n\n<p><a href=\"https:\/\/volksschule-emmen.ch\/schuldienste\/\" target=\"_blank\" rel=\"noopener\" title=\"Kompetenzzentrum Kind\">Kompetenzzentrum Kind<\/a><\/p>\n","protected":false},"excerpt":{"rendered":"<p>Zu den Schuldiensten geh\u00f6ren der Logop\u00e4dische Dienst, die Psychomotoriktherapie, der Schulpsychologische Dienst und die Schulsozialarbeit.Die Schuldienste unterst\u00fctzen Fachpersonen im Fr\u00fchbereich, Lehrpersonen, Eltern und (Vorschul-) Kinder. Ihre Leistungen sind unentgeltlich. Logop\u00e4die Wenn Sie Auff\u00e4lligkeiten in der Spiel- und\/oder der Sprachentwicklung ihres Kindes beobachten. Wenn Sie das Gef\u00fchl haben, ihr Kind mache kaum sprachliche Fortschritte. Wenn ihr &hellip; <a href=\"https:\/\/www.xn--frhefrderung-emmen-h3b0j.ch\/?page_id=901\" class=\"more-link\"><span class=\"screen-reader-text\">\u201eSchuldienste Emmen\u201c<\/span> weiterlesen<\/a><\/p>\n","protected":false},"author":2,"featured_media":0,"parent":0,"menu_order":0,"comment_status":"closed","ping_status":"closed","template":"","meta":{"_coblocks_attr":"","_coblocks_dimensions":"","_coblocks_responsive_height":"","_coblocks_accordion_ie_support":"","_mi_skip_tracking":false,"footnotes":""},"class_list":["post-901","page","type-page","status-publish","hentry"],"aioseo_notices":[],"_links":{"self":[{"href":"https:\/\/www.xn--frhefrderung-emmen-h3b0j.ch\/index.php?rest_route=\/wp\/v2\/pages\/901"}],"collection":[{"href":"https:\/\/www.xn--frhefrderung-emmen-h3b0j.ch\/index.php?rest_route=\/wp\/v2\/pages"}],"about":[{"href":"https:\/\/www.xn--frhefrderung-emmen-h3b0j.ch\/index.php?rest_route=\/wp\/v2\/types\/page"}],"author":[{"embeddable":true,"href":"https:\/\/www.xn--frhefrderung-emmen-h3b0j.ch\/index.php?rest_route=\/wp\/v2\/users\/2"}],"replies":[{"embeddable":true,"href":"https:\/\/www.xn--frhefrderung-emmen-h3b0j.ch\/index.php?rest_route=%2Fwp%2Fv2%2Fcomments&post=901"}],"version-history":[{"count":10,"href":"https:\/\/www.xn--frhefrderung-emmen-h3b0j.ch\/index.php?rest_route=\/wp\/v2\/pages\/901\/revisions"}],"predecessor-version":[{"id":1129,"href":"https:\/\/www.xn--frhefrderung-emmen-h3b0j.ch\/index.php?rest_route=\/wp\/v2\/pages\/901\/revisions\/1129"}],"wp:attachment":[{"href":"https:\/\/www.xn--frhefrderung-emmen-h3b0j.ch\/index.php?rest_route=%2Fwp%2Fv2%2Fmedia&parent=901"}],"curies":[{"name":"wp","href":"https:\/\/api.w.org\/{rel}","templated":true}]}}

<figure class="wp-block-image size-large is-resized"><img loading="lazy" decoding="async" width="1024" height="365" src="https://www.xn--frhefrderung-emmen-h3b0j.ch/wp-content/uploads/2023/05/Logo-Kompetenzzentrum-Kind-1024x365.png" alt="" class="wp-image-956" style="width:607px;height:216px" srcset="https://www.xn--frhefrderung-emmen-h3b0j.ch/wp-content/uploads/2023/05/Logo-Kompetenzzentrum-Kind-1024x365.png 1024w, https://www.xn--frhefrderung-emmen-h3b0j.ch/wp-content/uploads/2023/05/Logo-Kompetenzzentrum-Kind-300x107.png 300w, https://www.xn--frhefrderung-emmen-h3b0j.ch/wp-content/uploads/2023/05/Logo-Kompetenzzentrum-Kind-768x274.png 768w, https://www.xn--frhefrderung-emmen-h3b0j.ch/wp-content/uploads/2023/05/Logo-Kompetenzzentrum-Kind-1200x428.png 1200w, https://www.xn--frhefrderung-emmen-h3b0j.ch/wp-content/uploads/2023/05/Logo-Kompetenzzentrum-Kind.png 1516w" sizes="(max-width: 709px) 85vw, (max-width: 909px) 67vw, (max-width: 1362px) 62vw, 840px" /></figure>



<p></p>



<p>Zu den Schuldiensten gehören der Logopädische Dienst, die Psychomotoriktherapie, der Schulpsychologische Dienst und die Schulsozialarbeit.<br>Die Schuldienste unterstützen Fachpersonen im Frühbereich, Lehrpersonen, Eltern und (Vorschul-) Kinder. Ihre Leistungen sind unentgeltlich.</p>



<p><strong>Logopädie</strong></p>



<div class="wp-block-group is-vertical is-layout-flex wp-container-core-group-is-layout-1 wp-block-group-is-layout-flex">
<p>Wenn Sie Auffälligkeiten in der Spiel- und/oder der Sprachentwicklung ihres                   Kindes beobachten.  </p>



<p>Wenn Sie das Gefühl haben, ihr Kind mache kaum sprachliche Fortschritte.  </p>



<p>Wenn ihr Kind merkt, dass es Schwierigkeiten mit dem Sprechen und/oder Verstehen hat.</p>



<p>Wenn Sie wegen der Sprachentwicklung ihres Kindes besorgt sind und Fragen haben.</p>



<p>Wenn Sie als Fachperson Fragen zur Sprachentwicklung von Kindern haben.</p>
</div>



<p></p>



<p><strong>Psychomotorik-Therapie</strong></p>



<div class="wp-block-group is-vertical is-layout-flex wp-container-core-group-is-layout-2 wp-block-group-is-layout-flex">
<p>Bei Schwierigkeiten beim Zeichnen, Schreiben und Basteln (Fein- und Grafomotorik).  </p>



<p>Wenn sich Ihr Kind unsicher, ungeschickt, gehemmt oder unruhig bewegt (Grobmotorik).   </p>



<p>Bei Verzögerung der Bewegungsentwicklung.    </p>



<p>Wenn Ihr Kind Schwierigkeiten bei der Kontaktaufnahme mit der Umwelt hat. </p>



<p>Wenn das Kind darunter leidet, dass ihm vieles nicht gelingt, wie es gerne möchte.</p>
</div>



<p></p>



<p><strong>Projekt Filo</strong></p>



<p>«Filo» ist das Präventionsprojekt der Schuldienste Emmen. Im Rahmen des Projekts gibt es vielfältige Module – über Fördergruppen, Präventionsangebote, Elternbildungsveranstaltungen bis hin zu Öffentlichkeitsarbeit – alle mit dem Ziel, die kindliche Entwicklung zu unterstützen.<strong></strong></p>



<p><strong>Weitere Informationen zu den Angeboten der Schuldienste:</strong></p>



<p><a href="https://volksschule-emmen.ch/schuldienste/" target="_blank" rel="noopener" title="Kompetenzzentrum Kind">Kompetenzzentrum Kind</a></p>

<p>Zu den Schuldiensten gehören der Logopädische Dienst, die Psychomotoriktherapie, der Schulpsychologische Dienst und die Schulsozialarbeit.Die Schuldienste unterstützen Fachpersonen im Frühbereich, Lehrpersonen, Eltern und (Vorschul-) Kinder. Ihre Leistungen sind unentgeltlich. Logopädie Wenn Sie Auffälligkeiten in der Spiel- und/oder der Sprachentwicklung ihres Kindes beobachten. Wenn Sie das Gefühl haben, ihr Kind mache kaum sprachliche Fortschritte. Wenn ihr &hellip; <a href="https://www.xn--frhefrderung-emmen-h3b0j.ch/?page_id=901" class="more-link"><span class="screen-reader-text">„Schuldienste Emmen“</span> weiterlesen</a></p>
